39*x - 125172. What is the remainder when x is divided by 131?
120
Let j = 38 + 140. Suppose 3*r = -j + 529. Calculate the remainder when r is divided by 11.
7
Let q(f) = -57*f + 24. Let d be q(-6). Let y = d - 292. Calculate the remainder when y is divided by (4/6)/(4/42).
4
Let f(s) = -28*s. Let n(a) be the second derivative of -a**4/4 + 31*a**3/6 + 5*a**2/2 + 4*a + 11. What is the remainder when f(-2) is divided by n(10)?
11
Let l(a) = 227*a**2 - 146*a - 3. What is the remainder when 1602 is divided by l(1)?
42
Let v(f) = -4*f**3 - 45*f**2 - 16*f - 26. Let d(n) = -n**2 - 24*n - 106. Let q be d(-5). Calculate the remainder when 38 is divided by v(q).
9
Let t(h) = 5*h**3 + h**2 - h. Suppose 4*d + 2 = -2. What is the remainder when (40/(-32))/(d/4) is divided by t(1)?
0
Let g(k) be the first derivative of k**3/3 - 12*k**2 - 98*k - 137. Calculate the remainder when 467 is divided by g(29).
44
Suppose -276 = -5*r + 9. Calculate the remainder when 1133 is divided by r.
50
What is the remainder when ((-35)/(5635/15318))/(2/(-14)) is divided by 323?
20
Suppose 238*r = 246*r - 14648. Calculate the remainder when r is divided by 152.
7
Suppose 10*x = 1140 + 12830. What is the remainder when x is divided by 280?
277
Suppose 8*i + l = 3*i + 2090, -5*i + 2090 = -l. Let g = i - 391. Calculate the remainder when 117 is divided by g.
9
Let d = 26 + -11. Let m = 11525 - 11501. What is the remainder when m is divided by d?
9
Let h = -28 - -33. Let o(d) = 3*d - 15. Let k be o(h). Suppose -2*a = -4*c + 148, 5*c + k*c = a + 191. What is the remainder when c is divided by 20?
19
Let f(w) = 161*w - 148. What is the remainder when 2975 is divided by f(1)?
11
Suppose 0 = 511*s - 494*s - 34. Calculate the remainder when 403 is divided by s.
1
Suppose -6*g - 12*g + 396 = 0. Let b be (4 + -5 - 0)*-189. Suppose 5*w + 206 = 3*a + 502, 3*w + 2*a - b = 0. What is the remainder when w is divided by g?
17
Let p(f) = -7*f**2 - 51*f + 306. Let n(o) = -3*o**2 - 25*o + 153. Let b(k) = 9*n(k) - 4*p(k). Calculate the remainder when b(10) is divided by 31.
12
Let s(g) = 5*g**2 - 24*g - 54. What is the remainder when 125 is divided by s(-2)?
13
Calculate the remainder when 5205 is divided by 125 - (((-12)/5)/3)/(10/25).
125
Suppose j + 4*i - 26 = 0, -12*i = 3*j - 13*i - 104. Calculate the remainder when 97 is divided by j.
29
Suppose 125*i - 115*i - 30 = 0. Suppose -3*w - l + 323 = i*l, 0 = 2*w + l - 217. Calculate the remainder when w is divided by 19.
14
Let o = -2975 + 3333. Calculate the remainder when 1449 is divided by o.
17
Let x = 2139 + -2117. What is the remainder when 152 is divided by x?
20
Suppose -3*h + 18 = 3*s, -6 = -2*h - s + 2*s. Suppose -4*k + 4*c = h, 2*k + 3 = 3*c - 3. Calculate the remainder when 33 is divided by (32/12 - k)/(3/(-180)).
13
Let b(t) be the first derivative of t**3/3 + 8*t**2 + 13*t + 19. Let o = 29 - 45. Calculate the remainder when 46 is divided by b(o).
7
Suppose -24*z + 123 = -23*z - 5*k, 3*z - 445 = -4*k. What is the remainder when 385 is divided by z?
99
Let d(f) = -f**3 + 8*f**2 + 20*f - 8. Let z be d(8). What is the remainder when 10/((-904)/z - -6) is divided by 33?
25
Suppose -6*b + 118 = 64. Suppose -b*l - 9*l + 666 = 0. Calculate the remainder when l is divided by 36.
1
Suppose -244*c - 35668 = -318*c. Calculate the remainder when 1934 is divided by c.
6
Let o(s) = 4*s**2 - 23*s + 117. What is the remainder when o(8) is divided by 133?
56
Let q(k) = 4*k**2 - 31*k + 2. Let w be q(8). Suppose w*u - 47 = 3. Calculate the remainder when 6 is divided by u.
1
Suppose -133*b + 1746806 - 196425 = 0. Calculate the remainder when b is divided by 174.
173
Calculate the remainder when 245 is divided by 5*(-3)/12 - ((-3031)/28 - -2).
35
Let b(l) = -3*l**3 + 53*l**2 - 14*l + 11. What is the remainder when b(17) is divided by 60?
51
Suppose -4*z + c + 179 = 0, c = 4*c + 9. Calculate the remainder when z is divided by (-21762)/(-1860) - 6/(-20).
8
Let h = 91 - 296. Let t = -143 - h. What is the remainder when t is divided by 3?
2
Let t(u) = u**2 - 40*u + 15. Let i be t(38). Let l = i - -89. Calculate the remainder when l is divided by 5.
3
Suppose 113 = 2*q - 31. Suppose 28*z = 26*z + q. What is the remainder when 102 is divided by z?
30
Suppose 5*z - 8*j - 2019 = -5*j, 3*j - 816 = -2*z. Calculate the remainder when z is divided by 137.
131
Let z be 2/3 + (-40)/60. Suppose 0 = 3*o + 3*c - 150, 100 = 2*o + 3*c - z*c. Let d = 62 - 53. What is the remainder when o is divided by d?
5
Suppose -176*d + 23571 + 24829 = 0. Calculate the remainder when d is divided by 202.
73
Suppose 5*s - 5*a = -1430, 0 = -3*s - 8*a + 6*a - 843. Let t = s - -297. Calculate the remainder when t is divided by 6.
2
Let l = 137899 - 137882. Let f = 28 + 21. Calculate the remainder when f is divided by l.
15
Suppose 0 = 4*h - 5*i - 1359, -1646 = -5*h + 2*i + 40. Suppose 0*x + h = 8*x. Calculate the remainder when 157 is divided by x.
31
What is the remainder when -428*(-3 - 1)/2 is divided by 6?
4
Let m = -64795 + 64847. Calculate the remainder when 6*25 + -1 + 0 is divided by m.
45
Suppose 2*c - q = -0*c + 47, -4*q + 124 = 5*c. What is the remainder when 127 is divided by c?
7
Let a = -42 + -16. Let g = a + 117. Calculate the remainder when g is divided by 24.
11
Let r(i) = -2*i**3 - 12*i**2 + 3*i + 9. Let h = 27 - 34. Calculate the remainder when r(h) is divided by 44.
42
Let i be (-14)/3*24/(-56)*2. Suppose -i*x = 2*d - 21 - 51, 0 = -3*x - 4*d + 59. What is the remainder when 117 is divided by x?
15
Suppose 5*u + 4*s = 18933, -s = -2*u + 2*s + 7587. Calculate the remainder when u is divided by 24.
21
Suppose -40 = -h - 4*z, -48 = -3*h - 5*z + 100. What is the remainder when h is divided by 31?
25
Let y = -29 + 85. Suppose -9*v - 31 = -139. Suppose -v = 4*x - y. Calculate the remainder when x is divided by 10.
1
Let s(k) = 55*k + 158. Suppose b + 276 = 3*j + 72, -4*j - b = -265. What is the remainder when s(19) is divided by j?
64
Let w(t) = t**3 - 3*t**2 - 2*t - 9. Suppose 7*g - 47 = -19. Let x be w(g). Calculate the remainder when 20/(x - (-9)/7) is divided by 24.
22
Let a(o) be the second derivative of o**3/2 + 23*o**2 - 21*o. Let d be a(-21). Let w = d + 70. Calculate the remainder when w is divided by 11.
9
What is the remainder when 115 is divided by 1182/14 - 4/(-7)?
30
Suppose -58*s = -56*s - 582. Suppose -92 = s*x - 293*x. What is the remainder when 88 is divided by x?
42
Let q = -51 + 54. Suppose 4*n = -r + 50, -r - q*r = 3*n - 200. Suppose 2*d - 7*d + r = 0. What is the remainder when 18 is divided by d?
8
Let s = -3 + 5. Suppose s*c = -74 + 468. Calculate the remainder when c is divided by 125*((-29)/116)/((-10)/16).
47
Let a(k) = k**2 - 6*k + 5. Let q be a(3). Let n(f) = -f**3 - 3*f**2 - 17*f - 71. What is the remainder when 102 is divided by n(q)?
11
Let w be ((-12)/8)/((-57)/48 - -1). Suppose 3*l = -5*g + 10 - 0, -3*g = -l + w. Suppose l*y - 1638 = -9*y. What is the remainder when y is divided by 24?
21
Let l = -5378 + 5594. Calculate the remainder when l is divided by ((-2)/6)/((-3)/513).
45
Suppose 3*o - 1 = 2*q + 288, -q = 14*o - 1421. What is the remainder when 1408 is divided by o?
95
Let x(t) = 4*t + 11. Let b be x(-3). Let g be b/(-3 + (-480)/(-162)). Suppose -g = -4*v + v. Calculate the remainder when v is divided by 5.
4
Suppose r - 84 = -m, -11*m - r - 88 = -12*m. Calculate the remainder when 2748 is divided by m.
82
Let d(v) be the third derivative of -v**6/120 + v**5/12 + v**4/24 - v**3/3 + 10*v**2 + v. Let i = 20 - -9. What is the remainder when i is divided by d(5)?
2
Suppose -2*q = 5*x - 20943, -3*x + 13627 + 28252 = 4*q. What is the remainder when q is divided by 17?
14
Let l(s) = 51*s + 3305. Calculate the remainder when l(-21) is divided by 35.
29
Suppose -6079*v = -5984*v - 1235. Suppose -5*l - 2*p = 2*p - 101, 3*l - 4*p - 67 = 0. What is the remainder when l is divided by v?
8
Let z be -1442 - 28/8*28/(-49). Calculate the remainder when 3 + (z/(-6) - -1) is divided by 84.
76
Suppose 0*c = -26*c + 68458. Calculate the remainder when c is divided by 655.
13
Suppose 11*j - 4*p - 28 = 9*j, -j - 3*p = -19. Let c = 33 + -30. Suppose 2*x = -c*x + 470. What is the remainder when x is divided by j?
14
Suppose -331 = -12*p - 127. Suppose 147 = p*s